se
Is 80 a factor of 314320?
True
Is 72 a factor of 381182?
False
Is 18 a factor of 286477?
False
Is 1073934 a multiple of 73?
False
Is 278 a factor of 312956?
False
Does 26 divide 131430?
True
Is 18 a factor of 18000?
True
Does 45 divide 330030?
True
Is 83 a multiple of 16?
False
Is 84755 a multiple of 23?
True
Does 173 divide 2468710?
True
Does 33 divide 16962?
True
Is 74 a factor of 12921732?
True
Is 28944 a multiple of 48?
True
Is 9 a factor of 1959129?
True
Is 783324 a multiple of 36?
True
Is 9912672 a multiple of 126?
True
Is 20 a factor of 203560?
True
Is 5 a factor of 126594?
False
Is 89226 a multiple of 47?
False
Is 3264960 a multiple of 716?
True
Is 2289900 a multiple of 176?
False
Does 22 divide 134090?
True
Is 188 a factor of 14480190?
False
Is 28668 a multiple of 199?
False
Is 44 a factor of 379121?
False
Is 426 a factor of 104071?
False
Does 4 divide 64353?
False
Does 148 divide 169756?
True
Is 3 a factor of 532590?
True
Does 449 divide 80371?
True
Is 17 a factor of 1061?
False
Is 24 a factor of 275807?
False
Does 497 divide 643748?
False
Is 240 a factor of 1028863?
False
Is 61157 a multiple of 23?
True
Is 58 a factor of 241570?
True
Is 16033 a multiple of 196?
False
Is 134310 a multiple of 363?
True
Is 7379 a multiple of 14?
False
Is 69 a factor of 1247520?
True
Does 653 divide 2419660?
False
Is 230 a factor of 5706070?
True
Is 605 a factor of 2216236?
False
Is 370290 a multiple of 24?
False
Is 336477 a multiple of 51?
False
Is 3984076 a multiple of 197?
False
Is 1135846 a multiple of 2?
True
Does 17 divide 23358363?
False
Does 20 divide 52500?
True
Is 7545122 a multiple of 521?
True
Is 109400 a multiple of 11?
False
Does 3 divide 266426?
False
Is 101 a factor of 254525?
False
Is 157 a factor of 97355?
False
Is 6 a factor of 1857889?
False
Is 38634449 a multiple of 2833?
False
Is 30255759 a multiple of 63?
False
Is 758590 a multiple of 71?
False
Is 39 a factor of 268058?
False
Is 705750 even?
True
Is 8426816 a multiple of 16?
True
Is 341 a factor of 404525?
False
Is 193122 a multiple of 116?
False
Does 905 divide 3810812?
False
Is 60 a factor of 2673960?
True
Is 502 a factor of 606194?
False
Is 4 a factor of 204356?
True
Is 790188 a multiple of 84?
True
Is 9291348 a multiple of 1452?
True
Is 1427100 a multiple of 355?
True
Does 14 divide 969173?
False
Is 49808 a multiple of 10?
False
Is 78 a factor of 2120274?
True
Is 161 a factor of 101333?
False
Is 346329 even?
False
Is 12 a factor of 105636?
True
Does 119 divide 2419681?
False
Is 65 a factor of 444094?
False
Is 12 a factor of 22783?
False
Is 519263 a multiple of 26?
False
Is 310 a factor of 465930?
True
Is 96048 a multiple of 414?
True
Is 14 a factor of 3554627?
False
Is 241012 a multiple of 64?
False
Does 19 divide 1581235?
False
Does 344 divide 9888?
False
Is 28284659 a multiple of 59?
True
Is 43 a factor of 76362?
False
Does 394 divide 2527145?
False
Does 52 divide 127388?
False
Does 73 divide 428056?
False
Is 18 a factor of 52900?
False
Does 61 divide 3383792?
True
Is 7183291 a multiple of 851?
True
Is 747 a factor of 6379380?
True
Does 10 divide 14011512?
False
Does 60 divide 5915602?
False
Does 396 divide 1966342?
False
Does 101 divide 11553087?
True
Does 17 divide 4814?
False
Does 14 divide 991928?
True
Is 16852 a multiple of 19?
False
Does 82 divide 11068606?
True
Does 571 divide 302630?
True
Does 154 divide 515592?
True
Is 2339465 a multiple of 5?
True
Is 65 a factor of 343070?
True
Is 75799 a multiple of 121?
False
Is 5 a factor of 4284593?
False
Is 3 a factor of 492283?
False
Does 29 divide 6294413?
False
Is 10 a factor of 1086200?
True
Is 600313 a multiple of 690?
False
Is 12 a factor of 748558?
False
Is 133 a factor of 576688?
True
Is 2 a factor of 9398?
True
Is 569 a factor of 1046391?
True
Is 118 a factor of 1915115?
False
Is 957036 a multiple of 16?
False
Is 1419 a factor of 22258434?
True
Is 733805 a multiple of 85?
True
Is 2 a factor of 1532?
True
Is 141201 a multiple of 68?
False
Does 2 divide 266893?
False
Does 184 divide 221168?
True
Is 315034 a multiple of 134?
True
Does 34 divide 920074?
True
Is 14544922 a multiple of 1591?
True
Is 8916979 a multiple of 41?
False
Does 16 divide 463888?
True
Is 385361 a multiple of 141?
False
Does 9 divide 228438?
True
Is 102795 a multiple of 42?
False
Is 1525040 a multiple of 176?
True
Is 73 a factor of 262629?
False
Is 1814158 a multiple of 453?
False
Is 48 a factor of 2221632?
True
Does 745 divide 1311945?
True
Is 99558 a multiple of 58?
False
Is 35853 a multiple of 37?
True
Does 17 divide 1214463?
True
Is 66 a factor of 3256526?
False
Is 1301448 a multiple of 514?
True
Is 18876 a multiple of 65?
False
Is 904141 a multiple of 64?
False
Is 6 a factor of 28700?
False
Does 59 divide 177703?
False
Does 134 divide 290158?
False
Does 77 divide 5411119?
False
Is 273548 a multiple of 591?
False
Is 2226036 a multiple of 412?
True
Is 25 a factor of 204168?
False
Is 914240 a multiple of 80?
True
Is 276190 a multiple of 9?
False
Is 12 a factor of 792644?
False
Is 89 a factor of 1185747?
True
Does 18 divide 736452?
True
Does 18 divide 1008464?
False
Does 12 divide 932460?
True
Does 887 divide 1594826?
True
Does 260 divide 610220?
True
Does 46 divide 3059000?
True
Is 10 a factor of 360480?
True
Is 274212 a multiple of 97?
False
Is 25 a factor of 231191?
False
Is 73962 a multiple of 9?
True
Is 186947 a multiple of 92?
False
Is 1811189 a multiple of 50?
False
Does 25 divide 9008474?
False
Does 6 divide 2202?
True
Does 32 divide 438977?
False
Does 73 divide 864612?
True
Does 94 divide 336086?
False
Does 137 divide 1378631?
True
Does 111 divide 208458?
True
Is 876 a factor of 1840330?
False
Is 12 a factor of 806604?
True
Is 295 a factor of 313058?
False
Does 8 divide 156512?
True
Is 2106841 a multiple of 11?
True
Is 2834324 a multiple of 18?
False
Is 104136 a multiple of 16?
False
Is 411466 a multiple of 285?
False
Is 509 a factor of 3784415?
True
Does 345 divide 1955996?
False
Is 80004 a multiple of 10?
False
Is 222 a factor of 1507299?
False
Is 7798236 a multiple of 62?
True
Does 44 divide 909547?
False
Is 64 a factor of 29887?
False
Is 15566832 a multiple of 18?
True
Is 1674353 a multiple of 238?
False
Is 30 a factor of 5358216?
False
Does 228 divide 20029?
False
Does 54 divide 2711876?
False
Is 9 a factor of 449979?
False
Does 37 divide 685018?
True
Is 171 a factor of 11609703?
True
Is 319554 a multiple of 6?
True
Is 9 a factor of 804052?
False
Is 7409 a multiple of 21?
False
Does 9 divide 148254?
False
Is 31 a factor of 172117?
False
Is 3 a factor of 1009727?
False
Does 82 divide 66097?
False
Is 311 a factor of 92865?
False
Is 554131 a multiple of 394?
False
Does 6 divide 124650?
True
Is 2928793 a multiple of 133?
True
Does 22 divide 776169?
False
Is 857541 a multiple of 32?
False
Is 1264161 a multiple of 123?
False
Does 6 divide 1231178?
False
Is 51512 a multiple of 9?
False
Is 124856 a multiple of 8?
True
Is 5 a factor of 1101720?
True
Is 175560 a multiple of 22?
True
Is 388 a factor of 235160?
False
Does 16 divide 7706512?
True
Is 357 a factor of 2389782?
False
Is 21726 a multiple of 25?
False
Is 8 a factor of 3304612?
False
Is 1496119 a multiple of 3?
False
Does 10 divide 1854368?
False
Is 721466 a multiple of 54?
False
Is 43767 a multiple of 87?
False
Is 18 a factor of 14466?
False
Is 4 a factor of 17188?
True
Does 23 divide 2174374?
True
Does 35 divide 1733898?
False
Is 12 a factor of 207483?
False
Does 16 divide 59952?
True
Is 82795 a multiple of 29?
True
Is 4016065 a multiple of 5?
True
Does 4 divide 1524?
True
Is 306574 a multiple of 185?
False
Does 8 divide 296192?
True
Is 228 a factor of 2913156?
True
Is 12245 a multiple of 5?
True
Is 202005 a multiple of 45?
True
Does 12 divide 513288?
True
Is 72 a factor of 31464?
True
Does 999 divide 9553437?
True
Is 67 a factor of 132660?
True
Does 105 divide 167895?
True
Is 454675 a multiple of 325?
True
Is 9 a factor of 205371?
True
Is 923 a factor of 2723890?
False
Is 63 a factor of 885457?
False
Is 491298 a multiple of 42?
False
Is 35539562 a multiple of 12?
False
Does 91 divide 702725?
False
Is 409550 a multiple of 10?
True
Is 27 a factor of 110646?
True
Is 11341147 a multiple of 114?
False
Is 22 a factor of 42590?
False
Is 100684 a multiple of 2?
True
Is 69455 a multiple 